{"id":163,"date":"2018-10-12T09:01:30","date_gmt":"2018-10-12T09:01:30","guid":{"rendered":"http:\/\/www.bonasax.cz\/?page_id=163"},"modified":"2024-06-12T18:29:34","modified_gmt":"2024-06-12T18:29:34","slug":"ukazky","status":"publish","type":"page","link":"https:\/\/www.bonasax.cz\/?page_id=163","title":{"rendered":"Mp3"},"content":{"rendered":"<h3><strong>Pomal\u00e9<\/strong><\/h3>\n<p>A\u017e na vrcholky hor<\/p>\n<audio class=\"wp-audio-shortcode\" id=\"audio-163-1\" preload=\"none\" style=\"width: 100%;\" controls=\"controls\"><source type=\"audio\/mpeg\" src=\"http:\/\/www.bonasax.cz\/wp-content\/uploads\/2018\/10\/Az-na-vrcholky-hor.mp3?_=1\" \/><a href=\"http:\/\/www.bonasax.cz\/wp-content\/uploads\/2018\/10\/Az-na-vrcholky-hor.mp3\">http:\/\/www.bonasax.cz\/wp-content\/uploads\/2018\/10\/Az-na-vrcholky-hor.mp3<\/a><\/audio>\n<p>\u010cern\u00fd p\u00e1v<\/p>\n<audio class=\"wp-audio-shortcode\" id=\"audio-163-2\" preload=\"none\" style=\"width: 100%;\" controls=\"controls\"><source type=\"audio\/mpeg\" src=\"http:\/\/www.bonasax.cz\/wp-content\/uploads\/2023\/01\/\u010cern\u00fd-p\u00e1v.mp3?_=2\" \/><a href=\"http:\/\/www.bonasax.cz\/wp-content\/uploads\/2023\/01\/\u010cern\u00fd-p\u00e1v.mp3\">http:\/\/www.bonasax.cz\/wp-content\/uploads\/2023\/01\/\u010cern\u00fd-p\u00e1v.mp3<\/a><\/audio>\n<p>Dv\u011b mal\u00e1 k\u0159\u00eddla<\/p>\n<audio class=\"wp-audio-shortcode\" id=\"audio-163-3\" preload=\"none\" style=\"width: 100%;\" controls=\"controls\"><source type=\"audio\/mpeg\" src=\"http:\/\/www.bonasax.cz\/wp-content\/uploads\/2018\/10\/Dve-mala-kridla.mp3?_=3\" \/><a href=\"http:\/\/www.bonasax.cz\/wp-content\/uploads\/2018\/10\/Dve-mala-kridla.mp3\">http:\/\/www.bonasax.cz\/wp-content\/uploads\/2018\/10\/Dve-mala-kridla.mp3<\/a><\/audio>\n<p>Jdi za \u0161t\u011bst\u00edm<\/p>\n<audio class=\"wp-audio-shortcode\" id=\"audio-163-4\" preload=\"none\" style=\"width: 100%;\" controls=\"controls\"><source type=\"audio\/mpeg\" src=\"http:\/\/www.bonasax.cz\/wp-content\/uploads\/2023\/01\/Jdi-za-\u0161t\u011bst\u00edm.mp3?_=4\" \/><a href=\"http:\/\/www.bonasax.cz\/wp-content\/uploads\/2023\/01\/Jdi-za-\u0161t\u011bst\u00edm.mp3\">http:\/\/www.bonasax.cz\/wp-content\/uploads\/2023\/01\/Jdi-za-\u0161t\u011bst\u00edm.mp3<\/a><\/audio>\n<p>Jinak to nejde<\/p>\n<audio class=\"wp-audio-shortcode\" id=\"audio-163-5\" preload=\"none\" style=\"width: 100%;\" controls=\"controls\"><source type=\"audio\/mpeg\" src=\"http:\/\/www.bonasax.cz\/wp-content\/uploads\/2018\/10\/Jinak-to-nejde.mp3?_=5\" \/><a href=\"http:\/\/www.bonasax.cz\/wp-content\/uploads\/2018\/10\/Jinak-to-nejde.mp3\">http:\/\/www.bonasax.cz\/wp-content\/uploads\/2018\/10\/Jinak-to-nejde.mp3<\/a><\/audio>\n<p>Mosty<\/p>\n<audio class=\"wp-audio-shortcode\" id=\"audio-163-6\" preload=\"none\" style=\"width: 100%;\" controls=\"controls\"><source type=\"audio\/mpeg\" src=\"http:\/\/www.bonasax.cz\/wp-content\/uploads\/2018\/10\/Mosty.mp3?_=6\" \/><a href=\"http:\/\/www.bonasax.cz\/wp-content\/uploads\/2018\/10\/Mosty.mp3\">http:\/\/www.bonasax.cz\/wp-content\/uploads\/2018\/10\/Mosty.mp3<\/a><\/audio>\n<p>P\u00edsni\u010dka \u010desk\u00e1<\/p>\n<audio class=\"wp-audio-shortcode\" id=\"audio-163-7\" preload=\"none\" style=\"width: 100%;\" controls=\"controls\"><source type=\"audio\/mpeg\" src=\"http:\/\/www.bonasax.cz\/wp-content\/uploads\/2018\/10\/Pisnicka-ceska.mp3?_=7\" \/><a href=\"http:\/\/www.bonasax.cz\/wp-content\/uploads\/2018\/10\/Pisnicka-ceska.mp3\">http:\/\/www.bonasax.cz\/wp-content\/uploads\/2018\/10\/Pisnicka-ceska.mp3<\/a><\/audio>\n<p>Tam u\u00a0nebesk\u00fdch bran<\/p>\n<audio class=\"wp-audio-shortcode\" id=\"audio-163-8\" preload=\"none\" style=\"width: 100%;\" controls=\"controls\"><source type=\"audio\/mpeg\" src=\"http:\/\/www.bonasax.cz\/wp-content\/uploads\/2018\/10\/Tam-u-nebeskych-bran.mp3?_=8\" \/><a href=\"http:\/\/www.bonasax.cz\/wp-content\/uploads\/2018\/10\/Tam-u-nebeskych-bran.mp3\">http:\/\/www.bonasax.cz\/wp-content\/uploads\/2018\/10\/Tam-u-nebeskych-bran.mp3<\/a><\/audio>\n<p>T\u0159i o\u0159\u00ed\u0161ky pro Popelku<\/p>\n<audio class=\"wp-audio-shortcode\" id=\"audio-163-9\" preload=\"none\" style=\"width: 100%;\" controls=\"controls\"><source type=\"audio\/mpeg\" src=\"http:\/\/www.bonasax.cz\/wp-content\/uploads\/2018\/10\/Tri-orisky-pro-popelku.mp3?_=9\" \/><a href=\"http:\/\/www.bonasax.cz\/wp-content\/uploads\/2018\/10\/Tri-orisky-pro-popelku.mp3\">http:\/\/www.bonasax.cz\/wp-content\/uploads\/2018\/10\/Tri-orisky-pro-popelku.mp3<\/a><\/audio>\n<h3><strong>Rychl\u00e9<\/strong><\/h3>\n<p>Brzy bude r\u00e1no<\/p>\n<audio class=\"wp-audio-shortcode\" id=\"audio-163-10\" preload=\"none\" style=\"width: 100%;\" controls=\"controls\"><source type=\"audio\/mpeg\" src=\"http:\/\/www.bonasax.cz\/wp-content\/uploads\/2023\/01\/Brzy-bude-r\u00e1no.mp3?_=10\" \/><a href=\"http:\/\/www.bonasax.cz\/wp-content\/uploads\/2023\/01\/Brzy-bude-r\u00e1no.mp3\">http:\/\/www.bonasax.cz\/wp-content\/uploads\/2023\/01\/Brzy-bude-r\u00e1no.mp3<\/a><\/audio>\n<p>Dlouh\u00e1 noc<\/p>\n<audio class=\"wp-audio-shortcode\" id=\"audio-163-11\" preload=\"none\" style=\"width: 100%;\" controls=\"controls\"><source type=\"audio\/mpeg\" src=\"http:\/\/www.bonasax.cz\/wp-content\/uploads\/2018\/10\/Dlouha-noc.mp3?_=11\" \/><a href=\"http:\/\/www.bonasax.cz\/wp-content\/uploads\/2018\/10\/Dlouha-noc.mp3\">http:\/\/www.bonasax.cz\/wp-content\/uploads\/2018\/10\/Dlouha-noc.mp3<\/a><\/audio>\n<p>Flash dance<\/p>\n<audio class=\"wp-audio-shortcode\" id=\"audio-163-12\" preload=\"none\" style=\"width: 100%;\" controls=\"controls\"><source type=\"audio\/mpeg\" src=\"http:\/\/www.bonasax.cz\/wp-content\/uploads\/2018\/10\/Flash-Dance.mp3?_=12\" \/><a href=\"http:\/\/www.bonasax.cz\/wp-content\/uploads\/2018\/10\/Flash-Dance.mp3\">http:\/\/www.bonasax.cz\/wp-content\/uploads\/2018\/10\/Flash-Dance.mp3<\/a><\/audio>\n<p>N\u00e1pad<\/p>\n<audio class=\"wp-audio-shortcode\" id=\"audio-163-13\" preload=\"none\" style=\"width: 100%;\" controls=\"controls\"><source type=\"audio\/mpeg\" src=\"http:\/\/www.bonasax.cz\/wp-content\/uploads\/2018\/10\/Napad.mp3?_=13\" \/><a href=\"http:\/\/www.bonasax.cz\/wp-content\/uploads\/2018\/10\/Napad.mp3\">http:\/\/www.bonasax.cz\/wp-content\/uploads\/2018\/10\/Napad.mp3<\/a><\/audio>\n<p>Nebudeme sed\u011bt doma<\/p>\n<audio class=\"wp-audio-shortcode\" id=\"audio-163-14\" preload=\"none\" style=\"width: 100%;\" controls=\"controls\"><source type=\"audio\/mpeg\" src=\"http:\/\/www.bonasax.cz\/wp-content\/uploads\/2018\/10\/Nebudeme-sedet-doma-1.mp3?_=14\" \/><a href=\"http:\/\/www.bonasax.cz\/wp-content\/uploads\/2018\/10\/Nebudeme-sedet-doma-1.mp3\">http:\/\/www.bonasax.cz\/wp-content\/uploads\/2018\/10\/Nebudeme-sedet-doma-1.mp3<\/a><\/audio>\n<p>Sladk\u00e9 m\u00e1men\u00ed<\/p>\n<audio class=\"wp-audio-shortcode\" id=\"audio-163-15\" preload=\"none\" style=\"width: 100%;\" controls=\"controls\"><source type=\"audio\/mpeg\" src=\"http:\/\/www.bonasax.cz\/wp-content\/uploads\/2018\/10\/Sladke-mameni.mp3?_=15\" \/><a href=\"http:\/\/www.bonasax.cz\/wp-content\/uploads\/2018\/10\/Sladke-mameni.mp3\">http:\/\/www.bonasax.cz\/wp-content\/uploads\/2018\/10\/Sladke-mameni.mp3<\/a><\/audio>\n<p>Tak pr\u00e1zdn\u00e1<\/p>\n<audio class=\"wp-audio-shortcode\" id=\"audio-163-16\" preload=\"none\" style=\"width: 100%;\" controls=\"controls\"><source type=\"audio\/mpeg\" src=\"http:\/\/www.bonasax.cz\/wp-content\/uploads\/2018\/10\/Tak-prazdna.mp3?_=16\" \/><a href=\"http:\/\/www.bonasax.cz\/wp-content\/uploads\/2018\/10\/Tak-prazdna.mp3\">http:\/\/www.bonasax.cz\/wp-content\/uploads\/2018\/10\/Tak-prazdna.mp3<\/a><\/audio>\n<p>To m\u00e1me ml\u00e1de\u017e<\/p>\n<audio class=\"wp-audio-shortcode\" id=\"audio-163-17\" preload=\"none\" style=\"width: 100%;\" controls=\"controls\"><source type=\"audio\/mpeg\" src=\"http:\/\/www.bonasax.cz\/wp-content\/uploads\/2018\/10\/To-mame-mladez.mp3?_=17\" \/><a href=\"http:\/\/www.bonasax.cz\/wp-content\/uploads\/2018\/10\/To-mame-mladez.mp3\">http:\/\/www.bonasax.cz\/wp-content\/uploads\/2018\/10\/To-mame-mladez.mp3<\/a><\/audio>\n<p>Una notte speciale<\/p>\n<audio class=\"wp-audio-shortcode\" id=\"audio-163-18\" preload=\"none\" style=\"width: 100%;\" controls=\"controls\"><source type=\"audio\/mpeg\" src=\"http:\/\/www.bonasax.cz\/wp-content\/uploads\/2018\/10\/Una-notte-speciale.mp3?_=18\" \/><a href=\"http:\/\/www.bonasax.cz\/wp-content\/uploads\/2018\/10\/Una-notte-speciale.mp3\">http:\/\/www.bonasax.cz\/wp-content\/uploads\/2018\/10\/Una-notte-speciale.mp3<\/a><\/audio>\n<h3><strong>Ostatn\u00ed<\/strong><\/h3>\n<p>Brazil<\/p>\n<audio class=\"wp-audio-shortcode\" id=\"audio-163-19\" preload=\"none\" style=\"width: 100%;\" controls=\"controls\"><source type=\"audio\/mpeg\" src=\"http:\/\/www.bonasax.cz\/wp-content\/uploads\/2018\/10\/Brazil.mp3?_=19\" \/><a href=\"http:\/\/www.bonasax.cz\/wp-content\/uploads\/2018\/10\/Brazil.mp3\">http:\/\/www.bonasax.cz\/wp-content\/uploads\/2018\/10\/Brazil.mp3<\/a><\/audio>\n<p>Marina<\/p>\n<audio class=\"wp-audio-shortcode\" id=\"audio-163-20\" preload=\"none\" style=\"width: 100%;\" controls=\"controls\"><source type=\"audio\/mpeg\" src=\"http:\/\/www.bonasax.cz\/wp-content\/uploads\/2018\/10\/Marina.mp3?_=20\" \/><a href=\"http:\/\/www.bonasax.cz\/wp-content\/uploads\/2018\/10\/Marina.mp3\">http:\/\/www.bonasax.cz\/wp-content\/uploads\/2018\/10\/Marina.mp3<\/a><\/audio>\n\n\n<p><\/p>\n","protected":false},"excerpt":{"rendered":"<p>Pomal\u00e9 A\u017e na vrcholky hor \u010cern\u00fd p\u00e1v Dv\u011b mal\u00e1 k\u0159\u00eddla Jdi za \u0161t\u011bst\u00edm Jinak to nejde Mosty P\u00edsni\u010dka \u010desk\u00e1 Tam u\u00a0nebesk\u00fdch bran T\u0159i o\u0159\u00ed\u0161ky pro Popelku Rychl\u00e9 Brzy bude r\u00e1no Dlouh\u00e1 noc Flash dance N\u00e1pad Nebudeme sed\u011bt doma Sladk\u00e9 m\u00e1men\u00ed Tak pr\u00e1zdn\u00e1 To m\u00e1me ml\u00e1de\u017e Una notte speciale Ostatn\u00ed Brazil Marina<\/p>\n","protected":false},"author":1,"featured_media":0,"parent":0,"menu_order":0,"comment_status":"closed","ping_status":"closed","template":"","meta":{"footnotes":""},"class_list":["post-163","page","type-page","status-publish","hentry"],"_links":{"self":[{"href":"https:\/\/www.bonasax.cz\/index.php?rest_route=\/wp\/v2\/pages\/163","targetHints":{"allow":["GET"]}}],"collection":[{"href":"https:\/\/www.bonasax.cz\/index.php?rest_route=\/wp\/v2\/pages"}],"about":[{"href":"https:\/\/www.bonasax.cz\/index.php?rest_route=\/wp\/v2\/types\/page"}],"author":[{"embeddable":true,"href":"https:\/\/www.bonasax.cz\/index.php?rest_route=\/wp\/v2\/users\/1"}],"replies":[{"embeddable":true,"href":"https:\/\/www.bonasax.cz\/index.php?rest_route=%2Fwp%2Fv2%2Fcomments&post=163"}],"version-history":[{"count":19,"href":"https:\/\/www.bonasax.cz\/index.php?rest_route=\/wp\/v2\/pages\/163\/revisions"}],"predecessor-version":[{"id":657,"href":"https:\/\/www.bonasax.cz\/index.php?rest_route=\/wp\/v2\/pages\/163\/revisions\/657"}],"wp:attachment":[{"href":"https:\/\/www.bonasax.cz\/index.php?rest_route=%2Fwp%2Fv2%2Fmedia&parent=163"}],"curies":[{"name":"wp","href":"https:\/\/api.w.org\/{rel}","templated":true}]}}